
{"id":729,"date":"2018-04-24T22:33:19","date_gmt":"2018-04-25T03:33:19","guid":{"rendered":"http:\/\/www.funtropico.org\/?page_id=729"},"modified":"2018-04-25T11:46:37","modified_gmt":"2018-04-25T16:46:37","slug":"desarrollo-economico-y-ambiental","status":"publish","type":"page","link":"https:\/\/www.funtropico.org\/?page_id=729","title":{"rendered":"Desarrollo Econ\u00f3mico y Ambiental"},"content":{"rendered":"<div class=\"wpb-content-wrapper\"><p>[vc_row][vc_column][vc_empty_space][\/vc_column][\/vc_row][vc_row full_width=&#8221;stretch_row&#8221; content_placement=&#8221;middle&#8221;][vc_column width=&#8221;2\/3&#8243;][vc_column_text css_animation=&#8221;fadeIn&#8221;]<\/p>\n<p style=\"text-align: justify;\">Buscamos el fortalecimiento del sistema productivo de la familia y la comunidad en general, promoviendo el desarrollo de actividades productivas con valor econ\u00f3mico y ambiental, mediante la creaci\u00f3n de formas asociativas que mejoren su competitividad, manejando conceptos de producci\u00f3n limpia, de valor agregado, sostenibilidad ambiental y de conservaci\u00f3n de la biodiversidad.<\/p>\n<p>[\/vc_column_text][\/vc_column][vc_column css_animation=&#8221;fadeInUp&#8221; width=&#8221;1\/3&#8243;][vc_gallery interval=&#8221;3&#8243; images=&#8221;674,673&#8243; img_size=&#8221;400&#215;400&#8243; css_animation=&#8221;left-to-right&#8221;][\/vc_column][\/vc_row][vc_row][vc_column][vc_empty_space][\/vc_column][\/vc_row]<\/p>\n<\/div>","protected":false},"excerpt":{"rendered":"<p>[vc_row][vc_column][vc_empty_space][\/vc_column][\/vc_row][vc_row full_width=&#8221;stretch_row&#8221; content_placement=&#8221;middle&#8221;][vc_column width=&#8221;2\/3&#8243;][vc_column_text css_animation=&#8221;fadeIn&#8221;] Buscamos el fortalecimiento del sistema productivo de la familia y la comunidad en general, promoviendo el desarrollo de actividades productivas con valor econ\u00f3mico y ambiental, mediante la creaci\u00f3n de formas asociativas que mejoren su competitividad, manejando conceptos de producci\u00f3n limpia, de valor agregado, sostenibilidad ambiental y de conservaci\u00f3n de laLeer m\u00e1s &#8230;<\/p>\n","protected":false},"author":1,"featured_media":0,"parent":0,"menu_order":0,"comment_status":"closed","ping_status":"closed","template":"template-service.php","meta":[],"acf":[],"_links":{"self":[{"href":"https:\/\/www.funtropico.org\/index.php?rest_route=\/wp\/v2\/pages\/729"}],"collection":[{"href":"https:\/\/www.funtropico.org\/index.php?rest_route=\/wp\/v2\/pages"}],"about":[{"href":"https:\/\/www.funtropico.org\/index.php?rest_route=\/wp\/v2\/types\/page"}],"author":[{"embeddable":true,"href":"https:\/\/www.funtropico.org\/index.php?rest_route=\/wp\/v2\/users\/1"}],"replies":[{"embeddable":true,"href":"https:\/\/www.funtropico.org\/index.php?rest_route=%2Fwp%2Fv2%2Fcomments&post=729"}],"version-history":[{"count":10,"href":"https:\/\/www.funtropico.org\/index.php?rest_route=\/wp\/v2\/pages\/729\/revisions"}],"predecessor-version":[{"id":770,"href":"https:\/\/www.funtropico.org\/index.php?rest_route=\/wp\/v2\/pages\/729\/revisions\/770"}],"wp:attachment":[{"href":"https:\/\/www.funtropico.org\/index.php?rest_route=%2Fwp%2Fv2%2Fmedia&parent=729"}],"curies":[{"name":"wp","href":"https:\/\/api.w.org\/{rel}","templated":true}]}}